e prime factors of z(0)?
2, 3, 463
Let n(g) = 3*g**3 - 42*g**2 + 87*g + 59. Let z(x) = x**3 - 14*x**2 + 29*x + 20. Let c(d) = -2*n(d) + 7*z(d). What are the prime factors of c(13)?
2, 5, 23
Suppose -4775 = -t - 5*d, 12*t + 2*d + 19232 = 16*t. List the prime factors of t.
5, 31
Suppose f + 4*u + 2 = -6, -2*f + 3*u - 5 = 0. Let r be 1/f + 84/16. Suppose -5*x + 485 = r*l, -2*x + l = -120 - 80. What are the prime factors of x?
3, 11
Let b = 316 - 226. Let z = 130 + -182. Let c = z + b. What are the prime factors of c?
2, 19
Let k(h) = -17*h - 11 + 2 - 14 - 20. Let v(x) = -68*x - 173. Let z(t) = 9*k(t) - 2*v(t). List the prime factors of z(-10).
3, 43
Suppose -d - 12 = 2*z - 74, 0 = 5*d - 4*z - 268. List the prime factors of 5 + d - ((-1 - 3) + -2).
67
Suppose -9443 - 27361 = -n + 3*f, 5*n + 2*f = 184054. What are the prime factors of n?
2, 3, 5, 409
Let g = -11 + 4. Let m be 64/128*(11 + (0 - -1)). What are the prime factors of g*((-208)/m - 2/(-3))?
2, 7, 17
List the prime factors of 15130 - 86 - (-4 + -3).
3, 29, 173
Let p be 0 + -9 + 10 - (-1 - 2). Let i(c) = 19*c**3 + 7*c**2 + 2*c. What are the prime factors of i(p)?
2, 167
Suppose 32*g - 31*g + 2 = 0. Let p be (g + 5)*1*176/24. Suppose 0 = -20*n + p*n - 232. List the prime factors of n.
2, 29
Let z(o) = 483*o**2 + 42*o - 6. What are the prime factors of z(-2)?
2, 3, 307
Let g = 59126 + -35190. What are the prime factors of g?
2, 11, 17
Let o be 4/5*(-640)/8. Let k be (0 - -4)/(2/o*-4). Suppose 4 = x + x, 2*z + 4*x = k. What are the prime factors of z?
2, 3
Suppose -2*g = 17*g + 475. List the prime factors of g*(1287/(-5))/9.
5, 11, 13
Let o be 176/28 - 4/14. List the prime factors of (6/18)/(o/13410).
5, 149
Suppose -3*h + 1524 = h. Let c = 358 - 354. Suppose 4*a - 372 = -5*q + 136, 0 = -3*a + c*q + h. What are the prime factors of a?
127
Let f be 2/(39/(-234) - 22/(-60)). Suppose 0 = -14*u + f*u + 3188. List the prime factors of u.
797
Let a be (15 + 0)*(156/(-60) - -2). Let z(h) = -7 - 15*h - 4*h - 6. List the prime factors of z(a).
2, 79
Let l(n) = -50*n - 23. Let g be l(-7). Let c = 622 - g. Suppose 2513 = 12*t - c. What are the prime factors of t?
2, 3, 13
List the prime factors of ((-124576)/80)/((2/(-10))/1).
2, 17, 229
Suppose -3*v = 5*x - 20, -3*v + 0*v - 2*x = -8. Suppose v = -75*f + 69*f + 2790. List the prime factors of f.
3, 5, 31
Let l(y) = y**2 + 7*y + 3. Let w be l(-7). Let n = 3 - w. Suppose n = s + s - 68. List the prime factors of s.
2, 17
Let r(g) = -81*g**2 + 90*g + 7. Let m be r(7). What are the prime factors of m/(-4) - (-14 + 13)?
2, 3, 139
Let l be -3 + 6 - (-2 + 0/3). Suppose y = -l*y. Suppose 4*q + 2*b - 484 = y, -4*q - 17 = 3*b - 499. What are the prime factors of q?
2, 61
Let t = -47 - -73. Suppose 5*a = -3*d + 9 + t, -a - 3*d + 19 = 0. Suppose a*u - 111 = u. What are the prime factors of u?
37
Let b = 338 + -826. Let z = b + 527. What are the prime factors of z?
3, 13
Suppose -y + 1300 = -21*y. What are the prime factors of (-48)/2*y/2?
2, 3, 5, 13
Suppose -4407018 = -47*r - 237589 - 410416. What are the prime factors of r?
79979
What are the prime factors of 1*11 - ((-350312)/8 - -34)?
2, 79, 277
Let z = -471 + 176. Let w = -85 - z. Suppose 5*p - 120 = w. List the prime factors of p.
2, 3, 11
Let l(u) = 2*u**2 + 5*u + 6. Let m be l(-2). Suppose 0*z + 2*z - 898 = m*q, 891 = 2*z + 3*q. List the prime factors of z.
3, 149
Let s(o) = 3*o**2 - 3*o + 5. Let y be s(1). Suppose 0 = -y*k - 128 + 28. List the prime factors of -60*(75/k - -2).
3, 5, 7
Suppose 27*t - 241180 - 180749 = 0. What are the prime factors of t?
3, 5209
Let w be 15/(-6)*(-17 + -1). Suppose -4*q + 45 = w. Suppose -n = -3*l - 4*n + 597, -5*l + 5*n + 1005 = q. List the prime factors of l.
2, 5
Let d be 5 + (-276)/48 + (-18455)/(-4). Suppose -4*y - 3*k + d = 0, 5*y - 3198 - 2574 = 2*k. List the prime factors of y.
2, 577
Let l = 674 - 669. Suppose r + 0*r = 4, 3*m + l*r - 740 = 0. List the prime factors of m.
2, 3, 5
Let q(s) = -1647*s + 10492. What are the prime factors of q(-23)?
13, 61
What are the prime factors of (-21)/((-84)/(-32)) + 2 - (0 + -11308)?
2, 5651
Let q be -34*(1 + (-9)/6). Let k = 14 - q. List the prime factors of 48/k*10/(-16)*10.
2, 5
What are the prime factors of (-1006247)/(-221) + 1*(-8)/52?
29, 157
Let x(f) = -f**2 - f + 141. Let l be x(0). Let n be (-4)/(-9) - 75354/1026. Let w = n + l. List the prime factors of w.
2, 17
Let q(o) = -o**2 - 2*o + 87. Let m(g) = 163 - 159 - 2*g + 3*g. Let s be m(-4). List the prime factors of q(s).
3, 29
Let i(k) = 1894*k - 4788. What are the prime factors of i(28)?
2, 7, 1723
Suppose z - 5*g - 184 = 8, -1014 = -5*z - 2*g. Suppose -8*m - 4*j = -11*m + z, -j - 143 = -2*m. What are the prime factors of m?
2, 37
Suppose 0 = 5*j - 4*c - 3076, j - 2*j - 3*c + 600 = 0. Suppose 3*y - 394 = q + 72, 0 = -4*y - q + j. List the prime factors of y.
2, 7, 11
Let t = 611 - 144. Suppose -8*x = -7*x - t. What are the prime factors of x?
467
Let t(h) = -h**2 + 9*h + 5. Let y be t(5). Suppose 3*u - 10*u = 126. Let q = y + u. List the prime factors of q.
7
Let i(l) = 5*l**2 - 24*l - 5. Let d be i(5). Suppose 26*u - 27*u + 309 = d. List the prime factors of u.
3, 103
Let u(r) = 58*r + 12327. What are the prime factors of u(0)?
3, 7, 587
Let t(b) = -6*b + 51. Let h be t(7). Suppose 0 + h = w. Suppose 1722 = -2*x + w*x. List the prime factors of x.
2, 3, 41
Suppose 0 = -3*c + 2*x + 36903, -3*c + 2*x = -c - 24598. List the prime factors of c.
5, 23, 107
List the prime factors of (-1536360)/(-175) + (-66)/30.
67, 131
Let q(j) = -2*j**2 + 5*j + 3. Let f be q(0). What are the prime factors of 3*4/(-12) + 1252 + f?
2, 3, 11, 19
Suppose -42693 = 2292*p - 2349*p. What are the prime factors of p?
7, 107
Suppose 3*d - 12*d + 27 = 0. Suppose -k + 155 = 3*f - 215, 0 = -d*f + 3*k + 390. What are the prime factors of f?
5
Let d = -28 - -25. Let q be (7/d + -1)*(-12)/10. Suppose -4*b + 3*u - q*u = -306, -4*b + 5*u + 294 = 0. List the prime factors of b.
2, 19
Let f(c) = -c**2 + 20*c + 294. Let g be (-20)/20 - (-3 - -2). List the prime factors of f(g).
2, 3, 7
Let w = 272 - 271. Let u(q) = 214*q - 50. List the prime factors of u(w).
2, 41
Suppose 3*d - 154 + 55 = 0. Suppose 3*u = 5*r + d + 17, -3*r - 12 = 0. Suppose -56 = 8*x - u*x. What are the prime factors of x?
2, 7
Let d = 1163 - -608. Let r = d - 264. What are the prime factors of r?
11, 137
Let j be ((103428/65)/(-13))/(6/(-20)). Suppose -4 = -2*w + 4. Suppose -8*m + w*m + j = 0. List the prime factors of m.
2, 3, 17
Suppose -3 = -4*r - 3*u + 25, 0 = -2*r + 2*u. Let i(a) = 24*a - 21. List the prime factors of i(r).
3, 5
Let f(b) = 4*b**2 - b - 3. Let c(d) = 8*d**2 - 3*d - 6. Let h(z) = 3*c(z) - 5*f(z). Let r be h(-5). Suppose -36*a = -39*a + r. List the prime factors of a.
3, 13
Suppose -s + 2049 = -2*d, 0 = -s + 3*d + 2238 - 192. Suppose 3*r - 829 = -2*o, 11*o - s = 6*o - 4*r. List the prime factors of o.
11, 37
Suppose -20*w = -64399 - 26841. List the prime factors of w.
2, 2281
Let p(t) = -23*t**3 - 12*t**2 + 4*t + 8. Let n(q) = -7*q**3 - 4*q**2 + q + 3. Let d(m) = -7*n(m) + 2*p(m). Let b = -6 - -9. What are the prime factors of d(b)?
5, 23
Let s be 4/56*164 + (-2)/(-7). Suppose -10*g + s*g = 2196. Suppose 0 = -3*f + 3*o + 465, 5*f + 2*o = g - 330. List the prime factors of f.
2, 7, 11
Suppose 4*g - 7*v + 3*v = 5200, -4*v = 4. Suppose -3*b + d + g = 0, 237 = -b + 5*d + 670. List the prime factors of b.
433
Suppose -z + 77 = 4*m, 4*m + 49 + 118 = 3*z. Suppose z*p = 64*p - 57. What are the prime factors of p?
19
Let a be 16/88 - (-1118)/22. List the prime factors of 59*a/(4 + -1).
17, 59
Suppose -25*i - 147354 = -771045 - 110034. What are the prime factors of i?
3, 1087
Suppose 0 = -4*m + 8, 4*q - 3*m + 8 = -14. What are the prime factors of (-15 + q + 4)*-11?
3, 5, 11
Suppose 5*b = -15, 2*h + b + 2143 = 19636. What are the prime factors of h?
2, 3
Suppose 3*j - i + 43 = 0, -2*i + 60 = -4*j - 0*i. Let s be 31/(-93) + j/(-3). What are the prime factors of 96/(-18)*-35 + s/(-6)?
2, 3, 31
Suppose 33*u + 3741 = -18864. List the prime factors of 1 + (-3)/(3/u).
2, 7
List the prime factors of 4269712/160 - 96/(-320).
2, 11, 1213
Let o = -315 - -289. What are the prime factors of 8757/117 - (-4)/o*-1?
3, 5
Let w(b) = b**3 - 17